he highest common factor of x and 44.
4
Let i(b) = 68*b**2 - 329*b + 28. Let a be i(14). What is the greatest common divisor of 14 and a?
14
Let p(x) = x**3 + 7*x**2 - 17*x + 12. Let k be p(-9). Suppose k*v - 52 = -y, 3*v + 3*y = 12 + 36. What is the highest common factor of 234 and v?
18
Suppose -8*a = -136 + 40. Let l be (-3)/(19/(-20) - (-9)/a). What is the greatest common divisor of l and 265?
5
Suppose v - 4*j - 1655 = 0, 7516 - 2631 = 3*v + 4*j. Calculate the greatest common factor of v and 15.
15
Let a = 69 + 46. Let p = -119137 - -119275. What is the greatest common factor of a and p?
23
Suppose 2*w - 13589 = 5*v + 22966, 4*v - 73040 = -4*w. Calculate the highest common divisor of w and 39.
13
Suppose -17 - 13 = -j. Suppose 11*a - 135 - 63 = 0. Suppose -23*p + 3*y = -a*p - 85, y = 2*p - 35. What is the highest common factor of p and j?
10
Suppose 71*u - 228 + 4 = 415. Let j(n) = -n**3 - 10*n**2 - 9*n - 2. Let x be j(-9). Let l be (8 + x - -1) + 2. Calculate the greatest common factor of l and u.
9
Let a(h) = -283*h - 2745. Let f be a(-11). Calculate the greatest common divisor of f and 161.
23
Let w(c) = 2*c**2 + 8*c - 21. Let k(q) = -q**2 - 29*q + 64. Let i be k(-31). Let y be w(i). What is the greatest common factor of 39 and y?
3
Let z(i) = 9*i**2 - 416*i + 125. Let k be z(46). What is the greatest common divisor of k and 159?
3
Let b(f) = -15*f - 6. Let d be b(-7). Suppose 0 = 2*k - 3*y, k - 2 = -10*y + 11*y. Suppose 0 = -3*r + k*r - 33. What is the greatest common divisor of d and r?
11
Let s(j) = j**3 + 12*j**2 + 10*j + 1. Let m be s(-5). Suppose -12*l + 258 = -m. Let u be (-20)/6*12/(-5). What is the greatest common divisor of l and u?
8
Let v(l) be the third derivative of -3*l**4/8 + 3*l**3/2 + 28*l**2. Let s be v(9). Let c = s - -82. What is the highest common factor of c and 25?
5
Let d be (-2)/(-2) + (-5)/(10/(-338)). Let o = d + -147. What is the highest common factor of 207 and o?
23
Suppose 0 = -2*f - 10, 3*b = 4*f + 11 - 0. Let a = b - -3. Suppose 4*o + 4*g - 432 = a, 7*o - 10*o + 322 = 4*g. Calculate the highest common factor of 22 and o.
22
Let d be 93/1 + (-52 - -55). What is the greatest common factor of d and 1764?
12
Suppose -17*c = 259 - 599. Suppose -27 = -8*j + 5. Calculate the greatest common factor of c and j.
4
Let w = -7 - -1. Let u be (-38 + -7)*w*1/5. Let p = -49 + u. Calculate the highest common factor of 45 and p.
5
Suppose -4*b + 0*b = -j - 94, 0 = -3*b - 3*j + 63. Suppose -b*z + 22*z + 209 = 0. What is the highest common factor of z and 19?
19
Suppose -5*g - 207 = -332. Let m be (-5)/((-50)/8) - (-12)/60. Calculate the highest common divisor of m and g.
1
Let j be 36 + 18*3/18. Calculate the greatest common divisor of 793 and j.
13
Let z = -181 - -182. Let o be ((-4)/7)/z - (-2965)/7. What is the greatest common factor of o and 47?
47
Suppose -5*p - 4*s + 207 = 0, -3*s + 164 = 4*p + s. Suppose -p = -8*x + 141. Calculate the greatest common factor of x and 299.
23
Suppose 4*b = 8*b - 72. Let k = -14 + b. Let h(n) = -274*n - 248. Let c be h(-1). What is the greatest common factor of c and k?
2
Let c(n) = -50*n - 248. Let f be c(-5). Suppose 2*p - 3*p = -5. Suppose m + m = -f*y + 260, -p*y + 380 = 3*m. What is the highest common divisor of 15 and m?
15
Let f = -1104 + 631. Let a = 851 + f. Suppose t - 3*b + 4*b = 93, -4*t + a = 2*b. What is the highest common factor of t and 6?
6
Suppose 3*h = 96*h - 5*h - 1232. What is the highest common divisor of h and 749?
7
Let p be 11*(-1 + -5)/(-2). Let h = 600 - 598. Let y be (1/h)/((7 + -9)/(-12)). Calculate the greatest common factor of p and y.
3
Let w be 0 + ((-6)/4)/((-369)/3936). What is the highest common factor of 3912 and w?
8
Suppose -4*j - 8 = 0, -4*w + 4*j = -8*w - 24. Let h be ((-4)/6)/(w*(-2)/(-12)). Let v be (0/1 + h)*-1*-6. Calculate the highest common factor of v and 12.
6
Suppose 246*v + 24708 - 45395 = 79189. Calculate the highest common factor of 580 and v.
58
Let l(b) = -14*b**2 - 18*b - 49. Let z be l(-7). Let w = -427 - z. Calculate the highest common divisor of w and 28.
14
Let h(m) = -3*m + 8. Let j be h(4). Let w be 0*(j/14 + 13/21). Suppose -5*r + w = -4*x + 147, -2 = -2*r. Calculate the highest common divisor of x and 95.
19
Suppose -3882 = 6*s - 4170. What is the greatest common factor of s and 6?
6
Suppose -3*i + 386 = 4*c - 338, -c = 5*i - 1201. Calculate the greatest common factor of i and 780.
60
Let s be (-37625)/(-63) - (-8)/(-36). What is the highest common divisor of 12 and s?
3
Suppose -46*f - 2100 = -56*f. Suppose 0*p - 1200 = -20*p. Calculate the highest common factor of p and f.
30
Let f = -2378 + 2383. Let i = -31 + 13. Let n = i - -88. Calculate the greatest common factor of n and f.
5
Suppose 2*l + 123*a - 125*a - 3700 = 0, -8 = a. What is the highest common factor of 18 and l?
6
Let r be ((250/20)/5)/(2/4). Suppose 15 = -r*i, 215 = 4*s + i + 2*i. Let a = -49 + s. What is the highest common divisor of a and 63?
7
Suppose 0 = -4*y + 16, 40 = i + 5*y - 245. What is the highest common divisor of i and 20?
5
Suppose -5*h = -2*g + 39, -6*h = -5*g - 2*h + 89. Suppose -21*t - g*t = -1710. Suppose 0*z = -2*z + 150. What is the greatest common factor of z and t?
15
Suppose 98183 = -0*r + 5*r - 2*i, -274870 = -14*r - 5*i. Calculate the highest common factor of 210 and r.
105
Let y(l) = -2*l**2 + 10*l. Let m be y(3). Suppose -4*o + 37 = -j, -j + m = 2*o - 11. Suppose -6*w = -o*w + 128. What is the highest common factor of 4 and w?
4
Let s = -27 + 33. Let i be (-4912)/(-88) + s/33. Calculate the highest common factor of 14 and i.
14
Let i = -53 - -58. Suppose g + 3*g = 4*f, i*g + 4*f = 0. Suppose -s - 3*a - a = -4, -2*s + 2*a + 28 = g. What is the highest common factor of s and 48?
12
Let p(z) = 39*z + 20. Let v be p(2). Let i(s) = 6*s**2 + 5*s - 5. Let q be i(1). Suppose q*r - 29 = 55. What is the greatest common factor of r and v?
14
Let l = 17234 - 14744. What is the highest common factor of 75 and l?
15
Suppose 0 = 5*q - 4*z - 7364, q - 559 = -5*z + 908. What is the highest common divisor of 192 and q?
64
Let v be (2 + 0)*(1 - -73). Suppose -348*t + 244*t - 227*t + 24494 = 0. What is the greatest common divisor of t and v?
74
Let b be 408/(-459) - (-720)/81. Let p = 29 + -13. Let q = 4 + p. What is the highest common divisor of b and q?
4
Suppose 11 + 19 = 2*o. Suppose -1810 = -2*i - 2*a, -a - o = 2*a. Let b be ((-2)/(-5))/(7/i). What is the greatest common factor of b and 13?
13
Suppose 3786 = 62*g - 5204. Suppose 6*a = 7*a - 5. What is the greatest common divisor of g and a?
5
Suppose -5408 = -3*q - 10*q. Suppose -9*n = 2*n - 572. Calculate the greatest common factor of n and q.
52
Let o(c) = c**2 + 177*c + 1214. Let k be o(-7). What is the greatest common divisor of 6528 and k?
24
Let x = 2 + 11. Suppose 80*v - 89*v + 99 = 0. Suppose -9*g = -3*y - v*g + 31, 0 = 2*y - 4*g - 42. What is the highest common divisor of x and y?
13
Let b(t) = -30*t + 1978. Let h be b(65). Calculate the greatest common factor of 27 and h.
1
Suppose 138*h = -172*h + 12090. Calculate the highest common factor of 5226 and h.
39
Let n(z) = 2309*z - 34. Let v be n(8). What is the greatest common factor of 42 and v?
42
Let w(a) = 441*a**3 - 2*a**2 + 3*a - 2. Let p be -4 - (-54)/(-4 + 7). Let i = p - 13. Let n be w(i). What is the highest common divisor of 40 and n?
40
Suppose z = -s + 2*s - 2, -s + 2 = -3*z. Suppose s*w + 25 = 21. Let j = w + 59. Calculate the highest common factor of j and 19.
19
Let b(r) = 416*r - 2665. Let d be b(7). Calculate the greatest common divisor of 646 and d.
19
Let a = 539 - 330. Suppose -161*s = -522*s - 173*s + 30438. What is the greatest common factor of a and s?
19
Suppose z + 1 = 0, 4*u = u + 3*z + 1038. Suppose 332*j + 2444 = u*j. What is the highest common factor of 8 and j?
4
Let b = -790 - -802. Suppose 3*f - 4*f = -6. Calculate the greatest common factor of b and f.
6
Suppose 0 = m + 2*f - 87 + 76, -55 = -5*m - 2*f. Calculate the greatest common factor of m and 12188.
11
Suppose 136*z = 131*z + 125. Let r(h) = -h**3 - 11*h**2 - 6*h - 16. Let w be r(-12). Calculate the highest common divisor of w and z.
25
Suppose 28*i + 693 = 21*i. Let s be (i/12)/((-9)/24). Calculate the greatest common factor of s and 198.
22